- b**3 + 59*b**2. Suppose s + 2 = 3*s. What is a(s)?
-6
Let f = 6 - 12. Let o(n) be the second derivative of -n**5/20 - 7*n**4/12 - 7*n**3/6 - 4*n**2 + n. Calculate o(f).
-2
Suppose -2*j + 7*j = 0. Suppose y - 10 = o - 4, -o = 1. Let s(g) = g + 1 - y + 1. Calculate s(j).
-3
Let n be 3*1 + (1 - 2). Let i(p) = 3*p**3 - 8*p**2 + 5*p - 4. Let r(u) = u**3 - u. Let j(y) = n*r(y) - i(y). Give j(7).
4
Let t(f) = 2*f - 18*f + 9*f - 1 - 9*f. Give t(-1).
15
Let y(f) = -f + 1. Let b(n) = -2*n - 4. Let z(g) = -b(g) - 5*y(g). Let m be ((-2 - -1) + 0)/(-1). Let d = 0 + m. Give z(d).
6
Suppose 5*u - 50 = s - 6, 3*u - 2*s = 25. Let q(k) = -k**3 + 10*k**2 - 10*k + 3. Calculate q(u).
-6
Let v be 2/8 + 57/12. Let o = -3 + v. Suppose o*p - 4*g + 22 = 0, 2*p - g + 1 = -4*g. Let w(r) = -r - 7. Calculate w(p).
-2
Let n(d) = 5*d**2 + 11*d - 4. Let b(c) = c**2 + c. Let z(p) = 4*b(p) - n(p). What is z(-7)?
4
Let c(x) = -x**2 - 2*x + 3. Suppose 6 + 4 = -a. Suppose 5*g + 11 = -24. Let d = a - g. Give c(d).
0
Let q(v) = -5*v + 2. Let m(r) = 18*r**2 + r. Let p be m(-1). Let k(w) = 14*w - 6. Let y(f) = p*q(f) + 6*k(f). Let t be ((-12)/(-8) + -3)*2. Give y(t).
1
Let j(m) = -4 - m + 16 - 1 - 6. Calculate j(3).
2
Let m(q) = -7*q - 2*q**3 - q**2 - 4*q**2 - 2*q**2 - 4. Let i(b) = 5*b**3 + 15*b**2 + 14*b + 9. Let h(z) = -3*i(z) - 7*m(z). What is h(5)?
11
Let p(i) be the third derivative of 0 + i**2 + 1/60*i**5 + 0*i + 2/3*i**3 - 1/6*i**4. Give p(5).
9
Let h(p) = -2*p**2 + 4*p + 2*p**2 + p**2. Let f = 11 + -11. Let k be -5 + 1 + f/2. Calculate h(k).
0
Let a(o) = 4*o + 6. Let b(p) = 7*p + 13. Let z(k) = -5*a(k) + 3*b(k). Let m be z(-9). Let g(t) = 0 + m + t + 2*t. Calculate g(4).
12
Let h(s) = 3*s - 2. Let k(o) = o**3 + 8*o**2 + 6*o - 6. Let b be k(-7). Let y = b - -1. Calculate h(y).
4
Suppose 0 = -5*t + i + 12, 3*t - 4 = 3*i + 8. Let l(h) = -5*h + 2 + h**3 + h**2 + h - 4*h**t. Let m = 4 + 0. Determine l(m).
2
Let w(p) = -p. Let l(q) = q**2 + 8*q + 1. Let v(m) = -l(m) - 6*w(m). Let t = 0 - 0. Let z be -1 + (-3 - (t + -1)). Calculate v(z).
-4
Suppose -20 = -3*q - 2*q + 3*n, -q + 16 = -3*n. Let d(m) = 4*m + 2 + m**2 + q - 4*m - 4*m. Give d(2).
-1
Let u(d) = d**3 + 5*d**2 + 2*d + 5. Suppose 2*r = 3*r + 5*s, 5 = 2*r + 5*s. Let q(t) = -t**3 + 4*t**2 + 5*t - 5. Let p be q(r). What is u(p)?
-5
Let y(q) = -21*q + 55*q - 16*q - 12*q**2 - 19*q. What is y(-1)?
-11
Let n(z) = 1. Let g(y) = -y. Let s(h) = 2*g(h) + n(h). Determine s(6).
-11
Let y(i) = 7*i - 2. Let v(p) = 15*p - 3. Let w(u) = 6*v(u) - 13*y(u). Let t(d) = d + 1. Let h be t(-1). Give w(h).
8
Let h(r) be the third derivative of r**4/8 - r**3/2 - 3*r**2. Let v = 0 + -7. Let k = v + 10. Determine h(k).
6
Let h(x) = -x**3 - 4*x**2 - 4*x - 2. Suppose 0*l - 3 = -l. Let r be 1 - l/(-3) - 4. Determine h(r).
-2
Let k(b) = b**2 - 5*b - 5. Let j(p) = p**2 - 4*p - 4. Let h(y) = -5*j(y) + 4*k(y). What is h(-2)?
-4
Let p(g) = 5*g + 1. Suppose 0 = -j - 4*h - 24, j + h - 1 = 2*h. Let u be 2*-1 - (j - 0). What is p(u)?
11
Let h(u) be the second derivative of -u**4/12 + u**3/2 - 7*u**2/2 - u. Let n(l) = 2*l**2 - 6*l + 15. Let k(c) = 7*h(c) + 3*n(c). Calculate k(3).
-4
Let d(b) be the first derivative of -b**3/3 + 5*b**2/2 + 5*b + 6. What is d(7)?
-9
Let f(q) = -5*q**3 + q**2 - q + 1. Let u(l) = l - 2. Let j(m) = f(m) + u(m). Suppose 3*k + 1 + 2 = 0. What is j(k)?
5
Let l(p) = p**2 - 1. Let c be l(-1). Let v(o) = o - 8. Calculate v(c).
-8
Let i(k) = k + 2. Let w be (-1 - 2)/((-9)/(-6)). Give i(w).
0
Let a(o) = -20*o + 6. Let l(y) = y + 1. Let c(t) = a(t) - 5*l(t). Give c(-1).
26
Let l(h) be the second derivative of h**3/6 - h**2/2 - 9*h. Give l(5).
4
Let y be ((-6)/5)/(4/(-10)). Let n(g) = g**3 - g**2 + g. Let u(b) = -5*b**3 + b**2 - 4*b + 3. Let q(w) = 6*n(w) + u(w). Calculate q(y).
-9
Let d(n) = 2 - 5 + 2*n**2 + 1 - n**2 - 5*n. Let h be d(4). Let f(c) = -c**2 - 6*c - 7. Calculate f(h).
-7
Let n(i) = i**2 + i + 1. Suppose 9*r + 5*v = 4*r + 20, -2*v + 8 = r. Suppose -2*p + 6*p = r. What is n(p)?
1
Let s(a) be the third derivative of -a**6/120 - a**5/30 + a**3/3 - 6*a**2. Determine s(-2).
2
Let r(t) = -t**3 + 5*t**2 + 7*t - 9. Let a be ((-36)/(-16))/(6/16). Calculate r(a).
-3
Let v(l) = -l - 1. Let y(w) = 4*w + 6. Let r(b) = -5*v(b) - y(b). Give r(5).
4
Let d(g) = -g**3 + g - 1. Let f(y) be the first derivative of -6*y + 3 - 2/3*y**3 - 3/2*y**4 + 2*y**2. Let m(o) = 5*d(o) - f(o). Determine m(-2).
-1
Let w(k) = 3*k + 2. Suppose 4*u = -u + 20. Suppose -v = -2*v - u. What is w(v)?
-10
Suppose -1 - 3 = c. Let z(k) be the first derivative of -k**2 + 8. Give z(c).
8
Let k(s) = -s**3 - 6*s**2 + 8*s + 7. Let g be ((-14)/3 - 3) + (-10)/(-15). Determine k(g).
0
Let o(c) = 16*c**3 - 21*c**2 - 10*c + 9. Let b(w) = 3*w**3 - 4*w**2 - 2*w + 2. Let l = -6 - -8. Let y(z) = l*o(z) - 11*b(z). Give y(3).
-7
Let b(t) = 2*t - 103 + 103. Calculate b(4).
8
Let n(y) = -3 + y**3 - 7*y**2 + 9*y + 0 + 0. What is n(6)?
15
Let t(b) = b - 4. Let y(w) = w**2 + 4*w - 4. Let x be y(-6). Suppose o + 13 = c - o, -o - x = -c. Give t(c).
-1
Suppose 34 = -3*d + 5*f, d + 4*d + 4*f - 5 = 0. Let p(n) be the third derivative of -n**5/60 - n**4/8 + n**3/3 - 26*n**2. Give p(d).
2
Let h(v) be the third derivative of 0 + 5/24*v**4 + 1/6*v**3 - v**2 + 0*v. Suppose 5*g - 7 = -u, 5*g - 22 + 9 = -4*u. Give h(g).
6
Let u(n) = 4*n + 0*n - 2*n - 3*n. Determine u(2).
-2
Let g be 0 + 2 - (4 + 2). Let b be (-1 + -3)*5/g. Let r(z) = -b*z + z + z. What is r(-2)?
6
Let r(m) be the third derivative of 7*m**5/60 - m**4/6 + m**3/3 - m**2 - m. What is r(2)?
22
Let x(g) = g**2 - 8*g + 4. Let i be x(7). Let n(h) be the first derivative of -h**5/120 + h**3/3 - 3. Let t(o) be the third derivative of n(o). Calculate t(i).
3
Suppose 4*s + 3 + 1 = 0. Let b = s + 1. Let i(r) = -5*r**2 + b*r**2 + 0*r**2 + 2*r + 4*r**2 + 2. Give i(3).
-1
Let t(k) = k**2 + 2*k + 1. Suppose -x = z - 1, 2*x + 4*z = -z - 1. Let y(q) = 4*q**2 + 5*q + 2. Let a(f) = x*y(f) - 7*t(f). Determine a(4).
-3
Let x(r) be the first derivative of 7*r**2 + r + 22. What is x(-1)?
-13
Let z(m) be the first derivative of 5*m**3/3 + 2. Let v(t) = -4*t**2 - t + 1. Let n(k) = -4*v(k) - 3*z(k). Let h(a) = a - 2. Let f be h(-3). Give n(f).
1
Let p(x) = x**3 - 6*x**2 + 3. Let t be p(6). Let j(w) = 4*w + 3 - t*w - 4 - w**2. What is j(2)?
-3
Let o(l) = -l**3 - l**2 + 2*l - 1. Let m = 23 + -26. Determine o(m).
11
Let k(b) = -b**3 - 6*b**2 - b - 4. Let g be k(-6). Let q(j) = 3*j**g + 7 + 2*j - 8 - 3*j. Let m be (-3)/2 - (-2)/4. Determine q(m).
3
Suppose -5*h - 3 - 3 = -4*g, -5*h + g + 6 = 0. Let s(u) = 1 - 3*u**2 + 4*u**2 + 5*u**h - 2. Let r be -2 - (1 - 2 - 0). Give s(r).
5
Let k(q) = 12*q**3 + q**2 - 1. Let g(j) = j + 2. Let l(s) = -s + 1. Let n(i) = g(i) + 2*l(i). Let c be n(3). What is k(c)?
12
Suppose h + 5 + 1 = 3*l, 0 = -5*h - 5*l + 10. Let s(t) be the third derivative of 0 - 1/2*t**3 + 1/24*t**4 + h*t + t**2. Calculate s(0).
-3
Let j = 0 + 2. Suppose -5*z + 8*z - 12 = 0. Let i(n) = -5*n**2 + 2*n - 3*n**2 - 2 + z + 5*n**2. What is i(j)?
-6
Let c(b) = -14*b**3 + 2*b**2 + 18*b + 9. Let g(m) = -5*m**3 + m**2 + 6*m + 3. Let u(f) = 4*c(f) - 11*g(f). Determine u(-4).
-5
Let c(p) be the third derivative of -5*p**4/24 + 2*p**3/3 + 27*p**2. What is c(3)?
-11
Let p = 2 + -3. Let f be 10/(-2 - -4) + p. Suppose -z - f = 4*i + 4*z, -5*i + 3*z = 5. Let a(l) = 2*l**3 - l**2 - l - 1. Give a(i).
-3
Let r(l) be the second derivative of l**7/2520 - l**6/144 + l**5/20 - l**4/4 + l. Let h(j) be the third derivative of r(j). Calculate h(4).
2
Let z(p) = 3*p. Let r(b) = b**3 - 5*b**2 + 4*b - 2. Let u be r(4). Determine z(u).
-6
Let m(x) = 8*x - 19 - 7*x**2 + 6 + 0*x**3 + 9 + x**3. What is m(6)?
8
Let g = -1 - -3. Let w(y) = 9*y + 0*y - y**g - 2*y + y - 9. Let r be (-4)/(-18) + 208/36. Calculate w(r).
3
Let q be 2*2/(-4) - -7. Suppose 0*j - q = -3*j. Let k(y) = y**3 + 7 - 5*y - 4*y**j - 3*y + 2*y. Determine k(5).
2
Let q = -2 - -4. Suppose 2*k - 6 = -2. Let d(h) = -3 - 6 + k*h + 6. What is d(q)?
1
Let u(w) = w**2 - 10*w - 1. Let l be u(9). Let q = l - -16. Let j(a) = a - 1. Give j(q).
5
Let x(s) = s**2 + 3*s + 5. Suppose -13 = 4*k + w, 15*k - 19*k - 28 = -4*w. Determine x(k).
9
Let f(p) = 8 - 6 + 3*p - p**2 - 4*p. Calculate f(2).
-4
Let q(s) = 3*s**3 - 4*s**2 - 3*s + 4. Let l(d) = -